{"id":25839,"date":"2018-01-15T16:03:17","date_gmt":"2018-01-15T15:03:17","guid":{"rendered":"http:\/\/fotokp.cz\/?page_id=25839"},"modified":"2020-01-12T20:21:23","modified_gmt":"2020-01-12T19:21:23","slug":"2018-2","status":"publish","type":"page","link":"https:\/\/fotokp.cz\/?page_id=25839","title":{"rendered":"2018"},"content":{"rendered":"<h1 style=\"text-align: center;\">Hody<\/h1>\n<h4 style=\"text-align: center;\"><a href=\"http:\/\/fotokp.cz\/?page_id=27806\">St\u0159elice 19.-21.10.2018<\/a><\/h4>\n<p style=\"text-align: center;\"><a href=\"http:\/\/fotokp.cz\/?page_id=27806\"><img loading=\"lazy\" decoding=\"async\" class=\"alignnone wp-image-29396 size-medium\" src=\"http:\/\/fotokp.cz\/wp-content\/uploads\/2018\/10\/DSC_7928-300x200.jpg\" alt=\"\" width=\"300\" height=\"200\" srcset=\"https:\/\/fotokp.cz\/wp-content\/uploads\/2018\/10\/DSC_7928-300x200.jpg 300w, https:\/\/fotokp.cz\/wp-content\/uploads\/2018\/10\/DSC_7928-768x512.jpg 768w, https:\/\/fotokp.cz\/wp-content\/uploads\/2018\/10\/DSC_7928-1024x683.jpg 1024w\" sizes=\"(max-width: 300px) 100vw, 300px\" \/><\/a><\/p>\n<h4 class=\"entry-title\" style=\"text-align: center;\"><a href=\"http:\/\/fotokp.cz\/?page_id=29740\">Doln\u00ed Bojanovice \u2013 30.09.2018<\/a><\/h4>\n<p style=\"text-align: center;\"><a href=\"http:\/\/fotokp.cz\/?page_id=29740\"><img loading=\"lazy\" decoding=\"async\" class=\"alignnone size-medium wp-image-29936\" src=\"http:\/\/fotokp.cz\/wp-content\/uploads\/2018\/11\/DSCN9546-300x225.jpg\" alt=\"\" width=\"300\" height=\"225\" srcset=\"https:\/\/fotokp.cz\/wp-content\/uploads\/2018\/11\/DSCN9546-300x225.jpg 300w, https:\/\/fotokp.cz\/wp-content\/uploads\/2018\/11\/DSCN9546-768x576.jpg 768w, https:\/\/fotokp.cz\/wp-content\/uploads\/2018\/11\/DSCN9546-1024x768.jpg 1024w, https:\/\/fotokp.cz\/wp-content\/uploads\/2018\/11\/DSCN9546.jpg 1940w\" sizes=\"(max-width: 300px) 100vw, 300px\" \/><\/a><\/p>\n<h4 style=\"text-align: center;\"><a href=\"http:\/\/fotokp.cz\/?page_id=29406\">N\u00e1sedlovice &#8211; 10.11.2018<\/a><\/h4>\n<p style=\"text-align: center;\"><a href=\"http:\/\/fotokp.cz\/?page_id=29406\"><img loading=\"lazy\" decoding=\"async\" class=\"alignnone wp-image-29736 size-medium\" src=\"http:\/\/fotokp.cz\/wp-content\/uploads\/2018\/11\/DSC_8201-300x200.jpg\" alt=\"\" width=\"300\" height=\"200\" srcset=\"https:\/\/fotokp.cz\/wp-content\/uploads\/2018\/11\/DSC_8201-300x200.jpg 300w, https:\/\/fotokp.cz\/wp-content\/uploads\/2018\/11\/DSC_8201-768x512.jpg 768w, https:\/\/fotokp.cz\/wp-content\/uploads\/2018\/11\/DSC_8201-1024x682.jpg 1024w, https:\/\/fotokp.cz\/wp-content\/uploads\/2018\/11\/DSC_8201.jpg 1940w\" sizes=\"(max-width: 300px) 100vw, 300px\" \/><\/a><\/p>\n<h1 style=\"text-align: center;\">Plesy<\/h1>\n<h4 style=\"text-align: center;\"><a href=\"http:\/\/fotokp.cz\/?page_id=25844\">\u017dat\u010dany 06.01.2018<\/a><\/h4>\n<p style=\"text-align: center;\"><a href=\"http:\/\/fotokp.cz\/?page_id=25844\"><img loading=\"lazy\" decoding=\"async\" class=\"alignnone size-medium wp-image-25840\" src=\"http:\/\/fotokp.cz\/wp-content\/uploads\/2018\/01\/0191-300x200.jpg\" alt=\"\" width=\"300\" height=\"200\" srcset=\"https:\/\/fotokp.cz\/wp-content\/uploads\/2018\/01\/0191-300x200.jpg 300w, https:\/\/fotokp.cz\/wp-content\/uploads\/2018\/01\/0191-768x512.jpg 768w, https:\/\/fotokp.cz\/wp-content\/uploads\/2018\/01\/0191-1024x682.jpg 1024w, https:\/\/fotokp.cz\/wp-content\/uploads\/2018\/01\/0191.jpg 1940w\" sizes=\"(max-width: 300px) 100vw, 300px\" \/><\/a><\/p>\n<h4 style=\"text-align: center;\"><a href=\"http:\/\/fotokp.cz\/?page_id=26213\">\u010cejkovice &#8211; 27.01.2018<\/a><\/h4>\n<p style=\"text-align: center;\"><a href=\"http:\/\/fotokp.cz\/?page_id=26213\"><img loading=\"lazy\" decoding=\"async\" class=\"alignnone size-medium wp-image-26735\" src=\"http:\/\/fotokp.cz\/wp-content\/uploads\/2018\/01\/DSC_0167-300x200.jpg\" alt=\"\" width=\"300\" height=\"200\" srcset=\"https:\/\/fotokp.cz\/wp-content\/uploads\/2018\/01\/DSC_0167-300x200.jpg 300w, https:\/\/fotokp.cz\/wp-content\/uploads\/2018\/01\/DSC_0167-768x512.jpg 768w, https:\/\/fotokp.cz\/wp-content\/uploads\/2018\/01\/DSC_0167-1024x682.jpg 1024w, https:\/\/fotokp.cz\/wp-content\/uploads\/2018\/01\/DSC_0167.jpg 1940w\" sizes=\"(max-width: 300px) 100vw, 300px\" \/><\/a><\/p>\n<h4 style=\"text-align: center;\"><a href=\"http:\/\/fotokp.cz\/?page_id=27322\">Velk\u00e9 B\u00edlovice &#8211; 02.02.2018<\/a><\/h4>\n<p style=\"text-align: center;\"><a href=\"http:\/\/fotokp.cz\/?page_id=27322\"><img loading=\"lazy\" decoding=\"async\" class=\"alignnone size-medium wp-image-27799\" src=\"http:\/\/fotokp.cz\/wp-content\/uploads\/2018\/01\/DSC_0670-300x200.jpg\" alt=\"\" width=\"300\" height=\"200\" srcset=\"https:\/\/fotokp.cz\/wp-content\/uploads\/2018\/01\/DSC_0670-300x200.jpg 300w, https:\/\/fotokp.cz\/wp-content\/uploads\/2018\/01\/DSC_0670-768x512.jpg 768w, https:\/\/fotokp.cz\/wp-content\/uploads\/2018\/01\/DSC_0670-1024x683.jpg 1024w, https:\/\/fotokp.cz\/wp-content\/uploads\/2018\/01\/DSC_0670.jpg 1940w\" sizes=\"(max-width: 300px) 100vw, 300px\" \/><\/a><\/p>\n<h4 style=\"text-align: center;\"><a href=\"http:\/\/fotokp.cz\/?page_id=26738\">Dambo\u0159ice &#8211; 03.02.2018<\/a><\/h4>\n<p style=\"text-align: center;\"><a href=\"http:\/\/fotokp.cz\/?page_id=26738\"><img loading=\"lazy\" decoding=\"async\" class=\"alignnone size-medium wp-image-27320\" src=\"http:\/\/fotokp.cz\/wp-content\/uploads\/2018\/01\/DSC_1139-300x200.jpg\" alt=\"\" width=\"300\" height=\"200\" srcset=\"https:\/\/fotokp.cz\/wp-content\/uploads\/2018\/01\/DSC_1139-300x200.jpg 300w, https:\/\/fotokp.cz\/wp-content\/uploads\/2018\/01\/DSC_1139-768x512.jpg 768w, https:\/\/fotokp.cz\/wp-content\/uploads\/2018\/01\/DSC_1139-1024x683.jpg 1024w, https:\/\/fotokp.cz\/wp-content\/uploads\/2018\/01\/DSC_1139.jpg 1940w\" sizes=\"(max-width: 300px) 100vw, 300px\" \/><\/a><\/p>\n<p>&nbsp;<\/p>\n","protected":false},"excerpt":{"rendered":"<p>Hody St\u0159elice 19.-21.10.2018 Doln\u00ed Bojanovice \u2013 30.09.2018 N\u00e1sedlovice &#8211; 10.11.2018 Plesy \u017dat\u010dany 06.01.2018 \u010cejkovice &#8211; 27.01.2018 Velk\u00e9 B\u00edlovice &#8211; 02.02.2018 Dambo\u0159ice &#8211; 03.02.2018 &nbsp;<\/p>\n","protected":false},"author":1,"featured_media":0,"parent":0,"menu_order":0,"comment_status":"closed","ping_status":"closed","template":"","meta":{"_monsterinsights_skip_tracking":false,"_monsterinsights_sitenote_active":false,"_monsterinsights_sitenote_note":"","_monsterinsights_sitenote_category":0,"ngg_post_thumbnail":0,"footnotes":""},"_links":{"self":[{"href":"https:\/\/fotokp.cz\/index.php?rest_route=\/wp\/v2\/pages\/25839"}],"collection":[{"href":"https:\/\/fotokp.cz\/index.php?rest_route=\/wp\/v2\/pages"}],"about":[{"href":"https:\/\/fotokp.cz\/index.php?rest_route=\/wp\/v2\/types\/page"}],"author":[{"embeddable":true,"href":"https:\/\/fotokp.cz\/index.php?rest_route=\/wp\/v2\/users\/1"}],"replies":[{"embeddable":true,"href":"https:\/\/fotokp.cz\/index.php?rest_route=%2Fwp%2Fv2%2Fcomments&post=25839"}],"version-history":[{"count":10,"href":"https:\/\/fotokp.cz\/index.php?rest_route=\/wp\/v2\/pages\/25839\/revisions"}],"predecessor-version":[{"id":31317,"href":"https:\/\/fotokp.cz\/index.php?rest_route=\/wp\/v2\/pages\/25839\/revisions\/31317"}],"wp:attachment":[{"href":"https:\/\/fotokp.cz\/index.php?rest_route=%2Fwp%2Fv2%2Fmedia&parent=25839"}],"curies":[{"name":"wp","href":"https:\/\/api.w.org\/{rel}","templated":true}]}}