{"id":10862,"date":"2017-01-30T17:36:08","date_gmt":"2017-01-30T16:36:08","guid":{"rendered":"http:\/\/fotokp.cz\/?page_id=10862"},"modified":"2020-01-11T10:00:02","modified_gmt":"2020-01-11T09:00:02","slug":"2014-2","status":"publish","type":"page","link":"https:\/\/fotokp.cz\/?page_id=10862","title":{"rendered":"2014"},"content":{"rendered":"<h1 style=\"text-align: center;\">Hody<\/h1>\n<h4 style=\"text-align: center;\">&nbsp;<a href=\"http:\/\/fotokp.cz\/?page_id=19156\">St\u0159elice &nbsp;12.-15.06.2014<\/a><\/h4>\n<p style=\"text-align: center;\"><a href=\"http:\/\/fotokp.cz\/?page_id=19156\"><img loading=\"lazy\" decoding=\"async\" class=\"alignnone wp-image-24070 size-medium\" src=\"http:\/\/fotokp.cz\/wp-content\/uploads\/2017\/01\/0209-300x200.jpg\" alt=\"\" width=\"300\" height=\"200\" srcset=\"https:\/\/fotokp.cz\/wp-content\/uploads\/2017\/01\/0209-300x200.jpg 300w, https:\/\/fotokp.cz\/wp-content\/uploads\/2017\/01\/0209-768x512.jpg 768w, https:\/\/fotokp.cz\/wp-content\/uploads\/2017\/01\/0209-1024x682.jpg 1024w, https:\/\/fotokp.cz\/wp-content\/uploads\/2017\/01\/0209.jpg 1940w\" sizes=\"(max-width: 300px) 100vw, 300px\" \/><\/a><\/p>\n<h4 class=\"entry-title\" style=\"text-align: center;\"><a href=\"http:\/\/fotokp.cz\/?page_id=18823\">St\u0159elice 19.10.2014<\/a><\/h4>\n<p class=\"entry-title\" style=\"text-align: center;\">&nbsp;<a href=\"http:\/\/fotokp.cz\/?page_id=18823\"><img loading=\"lazy\" decoding=\"async\" class=\"alignnone wp-image-24068 size-medium\" src=\"http:\/\/fotokp.cz\/wp-content\/uploads\/2017\/01\/DSCN2312-300x200.jpg\" alt=\"\" width=\"300\" height=\"200\" srcset=\"https:\/\/fotokp.cz\/wp-content\/uploads\/2017\/01\/DSCN2312-300x200.jpg 300w, https:\/\/fotokp.cz\/wp-content\/uploads\/2017\/01\/DSCN2312-768x512.jpg 768w, https:\/\/fotokp.cz\/wp-content\/uploads\/2017\/01\/DSCN2312-1024x682.jpg 1024w, https:\/\/fotokp.cz\/wp-content\/uploads\/2017\/01\/DSCN2312.jpg 1940w\" sizes=\"(max-width: 300px) 100vw, 300px\" \/><\/a><\/p>\n<h1 style=\"text-align: center;\">Plesy<\/h1>\n<h4 class=\"entry-title\" style=\"text-align: center;\"><a href=\"http:\/\/fotokp.cz\/?page_id=10866\">Troubsko \u2013 krojov\u00fd 22.02.2014<\/a><\/h4>\n<p class=\"entry-title\" style=\"text-align: center;\"><a href=\"http:\/\/fotokp.cz\/?page_id=10866\"><img loading=\"lazy\" decoding=\"async\" class=\"alignnone wp-image-24071 size-medium\" src=\"http:\/\/fotokp.cz\/wp-content\/uploads\/2017\/01\/DSCN9275-300x225.jpg\" alt=\"\" width=\"300\" height=\"225\" srcset=\"https:\/\/fotokp.cz\/wp-content\/uploads\/2017\/01\/DSCN9275-300x225.jpg 300w, https:\/\/fotokp.cz\/wp-content\/uploads\/2017\/01\/DSCN9275-768x576.jpg 768w, https:\/\/fotokp.cz\/wp-content\/uploads\/2017\/01\/DSCN9275-1024x768.jpg 1024w, https:\/\/fotokp.cz\/wp-content\/uploads\/2017\/01\/DSCN9275.jpg 1940w\" sizes=\"(max-width: 300px) 100vw, 300px\" \/><\/a><\/p>\n<h1 style=\"text-align: center;\">Ro\u010dn\u00edkov\u00e1 m\u00e1ja<\/h1>\n<h4 class=\"entry-title\" style=\"text-align: center;\"><a href=\"http:\/\/fotokp.cz\/?page_id=20443\">Ro\u010dn\u00edk 96 \u2013 30.04.2014<\/a><\/h4>\n<p class=\"entry-title\" style=\"text-align: center;\"><a href=\"http:\/\/fotokp.cz\/?page_id=20443\"><img loading=\"lazy\" decoding=\"async\" class=\"alignnone wp-image-24073 size-medium\" src=\"http:\/\/fotokp.cz\/wp-content\/uploads\/2017\/01\/DSCN9579-300x200.jpg\" alt=\"\" width=\"300\" height=\"200\" srcset=\"https:\/\/fotokp.cz\/wp-content\/uploads\/2017\/01\/DSCN9579-300x200.jpg 300w, https:\/\/fotokp.cz\/wp-content\/uploads\/2017\/01\/DSCN9579-768x512.jpg 768w, https:\/\/fotokp.cz\/wp-content\/uploads\/2017\/01\/DSCN9579-1024x682.jpg 1024w, https:\/\/fotokp.cz\/wp-content\/uploads\/2017\/01\/DSCN9579.jpg 1940w\" sizes=\"(max-width: 300px) 100vw, 300px\" \/><\/a><\/p>\n<h1 style=\"text-align: center;\">Hasi\u010di<\/h1>\n<h4 class=\"entry-title\" style=\"text-align: center;\"><a href=\"http:\/\/fotokp.cz\/?page_id=18433\">Hasi\u010dsk\u00e1 sout\u011b\u017e 01.06.2014<\/a><\/h4>\n<p class=\"entry-title\" style=\"text-align: center;\"><a href=\"http:\/\/fotokp.cz\/?page_id=18433\"><img loading=\"lazy\" decoding=\"async\" class=\"alignnone wp-image-24075 size-medium\" src=\"http:\/\/fotokp.cz\/wp-content\/uploads\/2017\/01\/DSCN9744-300x200.jpg\" alt=\"\" width=\"300\" height=\"200\" srcset=\"https:\/\/fotokp.cz\/wp-content\/uploads\/2017\/01\/DSCN9744-300x200.jpg 300w, https:\/\/fotokp.cz\/wp-content\/uploads\/2017\/01\/DSCN9744-768x512.jpg 768w, https:\/\/fotokp.cz\/wp-content\/uploads\/2017\/01\/DSCN9744-1024x682.jpg 1024w, https:\/\/fotokp.cz\/wp-content\/uploads\/2017\/01\/DSCN9744.jpg 1940w\" sizes=\"(max-width: 300px) 100vw, 300px\" \/><\/a><\/p>\n<p>&nbsp;<\/p>\n","protected":false},"excerpt":{"rendered":"<p>Hody &nbsp;St\u0159elice &nbsp;12.-15.06.2014 St\u0159elice 19.10.2014 &nbsp; Plesy Troubsko \u2013 krojov\u00fd 22.02.2014 Ro\u010dn\u00edkov\u00e1 m\u00e1ja Ro\u010dn\u00edk 96 \u2013 30.04.2014 Hasi\u010di Hasi\u010dsk\u00e1 sout\u011b\u017e 01.06.2014 &nbsp;<\/p>\n","protected":false},"author":1,"featured_media":0,"parent":0,"menu_order":2014,"comment_status":"closed","ping_status":"closed","template":"","meta":{"_monsterinsights_skip_tracking":false,"_monsterinsights_sitenote_active":false,"_monsterinsights_sitenote_note":"","_monsterinsights_sitenote_category":0,"ngg_post_thumbnail":0,"footnotes":""},"_links":{"self":[{"href":"https:\/\/fotokp.cz\/index.php?rest_route=\/wp\/v2\/pages\/10862"}],"collection":[{"href":"https:\/\/fotokp.cz\/index.php?rest_route=\/wp\/v2\/pages"}],"about":[{"href":"https:\/\/fotokp.cz\/index.php?rest_route=\/wp\/v2\/types\/page"}],"author":[{"embeddable":true,"href":"https:\/\/fotokp.cz\/index.php?rest_route=\/wp\/v2\/users\/1"}],"replies":[{"embeddable":true,"href":"https:\/\/fotokp.cz\/index.php?rest_route=%2Fwp%2Fv2%2Fcomments&post=10862"}],"version-history":[{"count":8,"href":"https:\/\/fotokp.cz\/index.php?rest_route=\/wp\/v2\/pages\/10862\/revisions"}],"predecessor-version":[{"id":31306,"href":"https:\/\/fotokp.cz\/index.php?rest_route=\/wp\/v2\/pages\/10862\/revisions\/31306"}],"wp:attachment":[{"href":"https:\/\/fotokp.cz\/index.php?rest_route=%2Fwp%2Fv2%2Fmedia&parent=10862"}],"curies":[{"name":"wp","href":"https:\/\/api.w.org\/{rel}","templated":true}]}}